{"id":43,"date":"2023-12-20T16:55:50","date_gmt":"2023-12-20T15:55:50","guid":{"rendered":"https:\/\/ecole-saintlazare.fr\/?page_id=43"},"modified":"2025-12-01T17:25:17","modified_gmt":"2025-12-01T16:25:17","slug":"accueil","status":"publish","type":"page","link":"https:\/\/ecole-saintlazare.fr\/","title":{"rendered":"Accueil"},"content":{"rendered":"\n<p>Bienvenue sur le site de l&#8217;\u00e9cole Saint-Lazare.<\/p>\n\n\n\n<p>Nous sommes une \u00e9cole primaire priv\u00e9e sous contrat d&#8217;association avec l&#8217;Etat.<\/p>\n\n\n\n<p>L&#8217;\u00e9cole a \u00e9t\u00e9 inaugur\u00e9e en 1959. <\/p>\n\n\n\n<p>Elle compte aujourd&#8217;hui 3 classes \u00e0 niveaux multiples, ce qui permet \u00e0 notre structure de revendiquer une ambiance tr\u00e8s familiale et de d\u00e9velopper l&#8217;autonomie et la coop\u00e9ration entre les enfants.<\/p>\n\n\n\n<figure class=\"wp-block-image size-large\"><a href=\"https:\/\/ec72.fr\/\"><img decoding=\"async\" src=\"https:\/\/ec72.fr\/wp-content\/uploads\/sites\/42\/2025\/01\/Pays-de-la-Loire-logo-72-01.png\" alt=\"\"\/><\/a><\/figure>\n\n\n\n<div style=\"height:100px\" aria-hidden=\"true\" class=\"wp-block-spacer\"><\/div>\n","protected":false},"excerpt":{"rendered":"<p>Bienvenue sur le site de l&#8217;\u00e9cole Saint-Lazare. Nous sommes une \u00e9cole primaire priv\u00e9e sous contrat d&#8217;association avec l&#8217;Etat. L&#8217;\u00e9cole a \u00e9t\u00e9 inaugur\u00e9e en 1959. Elle compte aujourd&#8217;hui 3 classes \u00e0 niveaux multiples, ce qui permet \u00e0 notre structure de revendiquer une ambiance tr\u00e8s familiale et de d\u00e9velopper l&#8217;autonomie et la [&hellip;]<\/p>\n","protected":false},"author":1,"featured_media":8,"parent":0,"menu_order":0,"comment_status":"closed","ping_status":"closed","template":"","meta":{"footnotes":""},"class_list":["post-43","page","type-page","status-publish","has-post-thumbnail","hentry"],"_links":{"self":[{"href":"https:\/\/ecole-saintlazare.fr\/index.php\/wp-json\/wp\/v2\/pages\/43","targetHints":{"allow":["GET"]}}],"collection":[{"href":"https:\/\/ecole-saintlazare.fr\/index.php\/wp-json\/wp\/v2\/pages"}],"about":[{"href":"https:\/\/ecole-saintlazare.fr\/index.php\/wp-json\/wp\/v2\/types\/page"}],"author":[{"embeddable":true,"href":"https:\/\/ecole-saintlazare.fr\/index.php\/wp-json\/wp\/v2\/users\/1"}],"replies":[{"embeddable":true,"href":"https:\/\/ecole-saintlazare.fr\/index.php\/wp-json\/wp\/v2\/comments?post=43"}],"version-history":[{"count":6,"href":"https:\/\/ecole-saintlazare.fr\/index.php\/wp-json\/wp\/v2\/pages\/43\/revisions"}],"predecessor-version":[{"id":148,"href":"https:\/\/ecole-saintlazare.fr\/index.php\/wp-json\/wp\/v2\/pages\/43\/revisions\/148"}],"wp:featuredmedia":[{"embeddable":true,"href":"https:\/\/ecole-saintlazare.fr\/index.php\/wp-json\/wp\/v2\/media\/8"}],"wp:attachment":[{"href":"https:\/\/ecole-saintlazare.fr\/index.php\/wp-json\/wp\/v2\/media?parent=43"}],"curies":[{"name":"wp","href":"https:\/\/api.w.org\/{rel}","templated":true}]}}